{"id":166,"date":"2021-01-28T15:56:50","date_gmt":"2021-01-28T15:56:50","guid":{"rendered":"http:\/\/www.lacasitadeolmos.net\/?page_id=166"},"modified":"2021-04-15T09:13:52","modified_gmt":"2021-04-15T09:13:52","slug":"entorno","status":"publish","type":"page","link":"https:\/\/www.lacasitadeolmos.net\/?page_id=166","title":{"rendered":"entorno"},"content":{"rendered":"\n<div class=\"wp-block-columns is-layout-flex wp-container-10\">\n<div class=\"wp-block-column is-layout-flow\">\n<div class=\"wp-block-columns is-layout-flex wp-container-2\">\n<div class=\"wp-block-column is-layout-flow\">\n<figure class=\"wp-block-image size-large\"><img decoding=\"async\" loading=\"lazy\" width=\"1024\" height=\"682\" src=\"http:\/\/www.lacasitadeolmos.net\/wp-content\/uploads\/2021\/01\/mina1.jpg\" alt=\"\" class=\"wp-image-84\" srcset=\"https:\/\/www.lacasitadeolmos.net\/wp-content\/uploads\/2021\/01\/mina1.jpg 1024w, https:\/\/www.lacasitadeolmos.net\/wp-content\/uploads\/2021\/01\/mina1-300x200.jpg 300w, https:\/\/www.lacasitadeolmos.net\/wp-content\/uploads\/2021\/01\/mina1-768x512.jpg 768w\" sizes=\"(max-width: 1024px) 100vw, 1024px\" \/><\/figure>\n\n\n\n<h2 class=\"wp-block-heading\">mina Esperanza Olmos<\/h2>\n<\/div>\n<\/div>\n\n\n\n<p>Ad\u00e9ntrate en el interior de la Sierra de Atapuerca a trav\u00e9s de las galer\u00edas de Mina Esperanza, en el mismo pueblo de Olmos. <\/p>\n\n\n\n<p>Antigua mina de extracci\u00f3n de hierro con varias galer\u00edas visitables. <\/p>\n\n\n\n<p>Perfecto recurso para introducirse en las entra\u00f1as de la Sierra y conocer tanto el trabajo de los mineros como la composici\u00f3n de las capas bajo nuestros pies.<\/p>\n\n\n\n<p>Reservas 947421714 <a href=\"http:\/\/www.minaesperanza.com\">www.minaesperanza.com<\/a><\/p>\n<\/div>\n\n\n\n<div class=\"wp-block-column is-layout-flow\">\n<div class=\"wp-block-columns is-layout-flex wp-container-5\">\n<div class=\"wp-block-column is-layout-flow\">\n<figure class=\"wp-block-image size-large\"><img decoding=\"async\" loading=\"lazy\" width=\"940\" height=\"627\" src=\"http:\/\/www.lacasitadeolmos.net\/wp-content\/uploads\/2021\/01\/paleo-vivo-jeep-entero-4.jpg\" alt=\"\" class=\"wp-image-182\" srcset=\"https:\/\/www.lacasitadeolmos.net\/wp-content\/uploads\/2021\/01\/paleo-vivo-jeep-entero-4.jpg 940w, https:\/\/www.lacasitadeolmos.net\/wp-content\/uploads\/2021\/01\/paleo-vivo-jeep-entero-4-300x200.jpg 300w, https:\/\/www.lacasitadeolmos.net\/wp-content\/uploads\/2021\/01\/paleo-vivo-jeep-entero-4-768x512.jpg 768w, https:\/\/www.lacasitadeolmos.net\/wp-content\/uploads\/2021\/01\/paleo-vivo-jeep-entero-4-90x60.jpg 90w, https:\/\/www.lacasitadeolmos.net\/wp-content\/uploads\/2021\/01\/paleo-vivo-jeep-entero-4-420x280.jpg 420w\" sizes=\"(max-width: 940px) 100vw, 940px\" \/><\/figure>\n\n\n\n<h2 class=\"wp-block-heading\">safari Paleol\u00edtico Vivo<\/h2>\n<\/div>\n<\/div>\n\n\n\n<p>Experiencia \u00fanica en una reserva de animales prehist\u00f3ricos. <\/p>\n\n\n\n<p>Se trata de un safari en Jeep en el que estar\u00e1s rodeado de especies paleol\u00edticas como uros y bisontes.<\/p>\n\n\n\n<p> La reserva est\u00e1 ambientada en el paleol\u00edtico con caba\u00f1as y distintos entornos de la \u00e9poca. <\/p>\n\n\n\n<p>Visita de 2h 15 minutos.<\/p>\n\n\n\n<p>Reservas 947421714 <\/p>\n\n\n\n<p><a href=\"http:\/\/www.paleoliticovivo.org\">www.paleoliticovivo.org<\/a><\/p>\n<\/div>\n\n\n\n<div class=\"wp-block-column is-layout-flow\">\n<div class=\"wp-block-columns is-layout-flex wp-container-8\">\n<div class=\"wp-block-column is-layout-flow\">\n<figure class=\"wp-block-image size-large\"><img decoding=\"async\" loading=\"lazy\" width=\"1024\" height=\"694\" src=\"http:\/\/www.lacasitadeolmos.net\/wp-content\/uploads\/2021\/01\/Via-Verde-de-la-Sierra-de-la-Demanda-1.jpg\" alt=\"\" class=\"wp-image-184\" srcset=\"https:\/\/www.lacasitadeolmos.net\/wp-content\/uploads\/2021\/01\/Via-Verde-de-la-Sierra-de-la-Demanda-1.jpg 1024w, https:\/\/www.lacasitadeolmos.net\/wp-content\/uploads\/2021\/01\/Via-Verde-de-la-Sierra-de-la-Demanda-1-300x203.jpg 300w, https:\/\/www.lacasitadeolmos.net\/wp-content\/uploads\/2021\/01\/Via-Verde-de-la-Sierra-de-la-Demanda-1-768x521.jpg 768w, https:\/\/www.lacasitadeolmos.net\/wp-content\/uploads\/2021\/01\/Via-Verde-de-la-Sierra-de-la-Demanda-1-89x60.jpg 89w\" sizes=\"(max-width: 1024px) 100vw, 1024px\" \/><\/figure>\n\n\n\n<h2 class=\"wp-block-heading\">v\u00eda verde Sierra Demanda<\/h2>\n<\/div>\n<\/div>\n\n\n\n<p>Es una de las v\u00edas verdes m\u00e1s largas y mejor valoradas de la pen\u00ednsula. 54 km de recorrido del mismo ferrocarril que descubri\u00f3 los Yacimientos de Atapuerca. <\/p>\n\n\n\n<p>Bonitos pueblos, pantanos, y un trazado que mayoritariamente discurre entre robles y hayedos.<\/p>\n\n\n\n<p>Puede hacerse entera, o pasear alg\u00fan trozo de su trazado partiendo desde el pueblo de Urrez o Pineda de la Sierra.<\/p>\n\n\n\n<p>www.viasverdes.com<\/p>\n\n\n\n<p><\/p>\n<\/div>\n<\/div>\n\n\n\n<div class=\"wp-block-columns is-layout-flex wp-container-14\">\n<div class=\"wp-block-column is-layout-flow\">\n<figure class=\"wp-block-image size-large\"><img decoding=\"async\" loading=\"lazy\" width=\"500\" height=\"375\" src=\"http:\/\/www.lacasitadeolmos.net\/wp-content\/uploads\/2021\/01\/pineda2.jpg\" alt=\"\" class=\"wp-image-276\" srcset=\"https:\/\/www.lacasitadeolmos.net\/wp-content\/uploads\/2021\/01\/pineda2.jpg 500w, https:\/\/www.lacasitadeolmos.net\/wp-content\/uploads\/2021\/01\/pineda2-300x225.jpg 300w, https:\/\/www.lacasitadeolmos.net\/wp-content\/uploads\/2021\/01\/pineda2-80x60.jpg 80w\" sizes=\"(max-width: 500px) 100vw, 500px\" \/><\/figure>\n<\/div>\n\n\n\n<div class=\"wp-block-column is-layout-flow\">\n<figure class=\"wp-block-image size-large\"><img decoding=\"async\" loading=\"lazy\" width=\"632\" height=\"474\" src=\"http:\/\/www.lacasitadeolmos.net\/wp-content\/uploads\/2021\/01\/pantano-5.jpg\" alt=\"\" class=\"wp-image-284\" srcset=\"https:\/\/www.lacasitadeolmos.net\/wp-content\/uploads\/2021\/01\/pantano-5.jpg 632w, https:\/\/www.lacasitadeolmos.net\/wp-content\/uploads\/2021\/01\/pantano-5-300x225.jpg 300w, https:\/\/www.lacasitadeolmos.net\/wp-content\/uploads\/2021\/01\/pantano-5-80x60.jpg 80w\" sizes=\"(max-width: 632px) 100vw, 632px\" \/><\/figure>\n<\/div>\n\n\n\n<div class=\"wp-block-column is-layout-flow\">\n<figure class=\"wp-block-image size-large\"><img decoding=\"async\" loading=\"lazy\" width=\"640\" height=\"480\" src=\"http:\/\/www.lacasitadeolmos.net\/wp-content\/uploads\/2021\/01\/pena-calderon2-1.jpg\" alt=\"\" class=\"wp-image-246\" srcset=\"https:\/\/www.lacasitadeolmos.net\/wp-content\/uploads\/2021\/01\/pena-calderon2-1.jpg 640w, https:\/\/www.lacasitadeolmos.net\/wp-content\/uploads\/2021\/01\/pena-calderon2-1-300x225.jpg 300w, https:\/\/www.lacasitadeolmos.net\/wp-content\/uploads\/2021\/01\/pena-calderon2-1-80x60.jpg 80w\" sizes=\"(max-width: 640px) 100vw, 640px\" \/><\/figure>\n<\/div>\n<\/div>\n\n\n\n<p><\/p>\n","protected":false},"excerpt":{"rendered":"<p>mina Esperanza Olmos Ad\u00e9ntrate en el interior de la Sierra de Atapuerca a trav\u00e9s de las galer\u00edas de Mina Esperanza, en el mismo pueblo de &hellip; <\/p>\n","protected":false},"author":2,"featured_media":0,"parent":0,"menu_order":0,"comment_status":"closed","ping_status":"closed","template":"","meta":[],"_links":{"self":[{"href":"https:\/\/www.lacasitadeolmos.net\/index.php?rest_route=\/wp\/v2\/pages\/166"}],"collection":[{"href":"https:\/\/www.lacasitadeolmos.net\/index.php?rest_route=\/wp\/v2\/pages"}],"about":[{"href":"https:\/\/www.lacasitadeolmos.net\/index.php?rest_route=\/wp\/v2\/types\/page"}],"author":[{"embeddable":true,"href":"https:\/\/www.lacasitadeolmos.net\/index.php?rest_route=\/wp\/v2\/users\/2"}],"replies":[{"embeddable":true,"href":"https:\/\/www.lacasitadeolmos.net\/index.php?rest_route=%2Fwp%2Fv2%2Fcomments&post=166"}],"version-history":[{"count":15,"href":"https:\/\/www.lacasitadeolmos.net\/index.php?rest_route=\/wp\/v2\/pages\/166\/revisions"}],"predecessor-version":[{"id":658,"href":"https:\/\/www.lacasitadeolmos.net\/index.php?rest_route=\/wp\/v2\/pages\/166\/revisions\/658"}],"wp:attachment":[{"href":"https:\/\/www.lacasitadeolmos.net\/index.php?rest_route=%2Fwp%2Fv2%2Fmedia&parent=166"}],"curies":[{"name":"wp","href":"https:\/\/api.w.org\/{rel}","templated":true}]}}