{"id":24,"date":"2021-01-12T13:05:35","date_gmt":"2021-01-12T13:05:35","guid":{"rendered":"http:\/\/www.lacasitadeolmos.net\/?page_id=24"},"modified":"2021-04-15T21:21:07","modified_gmt":"2021-04-15T21:21:07","slug":"la-casita-de-olmos","status":"publish","type":"page","link":"https:\/\/www.lacasitadeolmos.net\/","title":{"rendered":"La Casita de Olmos"},"content":{"rendered":"\n<pre class=\"wp-block-code\"><code>Con nuestras manos y la ayuda de la familia hemos restaurado esta casita a la que le hemos hecho hasta muchos de los muebles. Nuestra idea es que sea lo m\u00e1s acogedora y personal posible para que disfrut\u00e9is de la zona teniendo como base un rinconcito bonito y c\u00e1lido .<\/code><\/pre>\n\n\n\n<figure class=\"wp-block-gallery columns-3 is-cropped wp-block-gallery-1 is-layout-flex\"><ul class=\"blocks-gallery-grid\"><li class=\"blocks-gallery-item\"><figure><img decoding=\"async\" loading=\"lazy\" width=\"1024\" height=\"768\" src=\"http:\/\/www.lacasitadeolmos.net\/wp-content\/uploads\/2021\/04\/habitacion-doble-9-1024x768.jpg\" alt=\"\" data-id=\"826\" data-full-url=\"http:\/\/www.lacasitadeolmos.net\/wp-content\/uploads\/2021\/04\/habitacion-doble-9-scaled.jpg\" data-link=\"http:\/\/www.lacasitadeolmos.net\/?attachment_id=826\" class=\"wp-image-826\" srcset=\"https:\/\/www.lacasitadeolmos.net\/wp-content\/uploads\/2021\/04\/habitacion-doble-9-1024x768.jpg 1024w, https:\/\/www.lacasitadeolmos.net\/wp-content\/uploads\/2021\/04\/habitacion-doble-9-300x225.jpg 300w, https:\/\/www.lacasitadeolmos.net\/wp-content\/uploads\/2021\/04\/habitacion-doble-9-768x576.jpg 768w, https:\/\/www.lacasitadeolmos.net\/wp-content\/uploads\/2021\/04\/habitacion-doble-9-1536x1152.jpg 1536w, https:\/\/www.lacasitadeolmos.net\/wp-content\/uploads\/2021\/04\/habitacion-doble-9-2048x1536.jpg 2048w, https:\/\/www.lacasitadeolmos.net\/wp-content\/uploads\/2021\/04\/habitacion-doble-9-80x60.jpg 80w\" sizes=\"(max-width: 1024px) 100vw, 1024px\" \/><\/figure><\/li><li class=\"blocks-gallery-item\"><figure><img decoding=\"async\" loading=\"lazy\" width=\"768\" height=\"1024\" src=\"http:\/\/www.lacasitadeolmos.net\/wp-content\/uploads\/2021\/04\/mueble-habitacion-doble-12-768x1024.jpg\" alt=\"\" data-id=\"816\" data-full-url=\"http:\/\/www.lacasitadeolmos.net\/wp-content\/uploads\/2021\/04\/mueble-habitacion-doble-12-scaled.jpg\" data-link=\"http:\/\/www.lacasitadeolmos.net\/?attachment_id=816\" class=\"wp-image-816\" srcset=\"https:\/\/www.lacasitadeolmos.net\/wp-content\/uploads\/2021\/04\/mueble-habitacion-doble-12-768x1024.jpg 768w, https:\/\/www.lacasitadeolmos.net\/wp-content\/uploads\/2021\/04\/mueble-habitacion-doble-12-225x300.jpg 225w, https:\/\/www.lacasitadeolmos.net\/wp-content\/uploads\/2021\/04\/mueble-habitacion-doble-12-1152x1536.jpg 1152w, https:\/\/www.lacasitadeolmos.net\/wp-content\/uploads\/2021\/04\/mueble-habitacion-doble-12-1536x2048.jpg 1536w, https:\/\/www.lacasitadeolmos.net\/wp-content\/uploads\/2021\/04\/mueble-habitacion-doble-12-45x60.jpg 45w, https:\/\/www.lacasitadeolmos.net\/wp-content\/uploads\/2021\/04\/mueble-habitacion-doble-12-scaled.jpg 1920w\" sizes=\"(max-width: 768px) 100vw, 768px\" \/><\/figure><\/li><li class=\"blocks-gallery-item\"><figure><img decoding=\"async\" loading=\"lazy\" width=\"768\" height=\"1024\" src=\"http:\/\/www.lacasitadeolmos.net\/wp-content\/uploads\/2021\/04\/habitacion-grande-4-768x1024.jpg\" alt=\"\" data-id=\"522\" data-full-url=\"http:\/\/www.lacasitadeolmos.net\/wp-content\/uploads\/2021\/04\/habitacion-grande-4-scaled.jpg\" data-link=\"http:\/\/www.lacasitadeolmos.net\/?attachment_id=522\" class=\"wp-image-522\" srcset=\"https:\/\/www.lacasitadeolmos.net\/wp-content\/uploads\/2021\/04\/habitacion-grande-4-768x1024.jpg 768w, https:\/\/www.lacasitadeolmos.net\/wp-content\/uploads\/2021\/04\/habitacion-grande-4-225x300.jpg 225w, https:\/\/www.lacasitadeolmos.net\/wp-content\/uploads\/2021\/04\/habitacion-grande-4-1152x1536.jpg 1152w, https:\/\/www.lacasitadeolmos.net\/wp-content\/uploads\/2021\/04\/habitacion-grande-4-1536x2048.jpg 1536w, https:\/\/www.lacasitadeolmos.net\/wp-content\/uploads\/2021\/04\/habitacion-grande-4-45x60.jpg 45w, https:\/\/www.lacasitadeolmos.net\/wp-content\/uploads\/2021\/04\/habitacion-grande-4-scaled.jpg 1920w\" sizes=\"(max-width: 768px) 100vw, 768px\" \/><\/figure><\/li><\/ul><\/figure>\n\n\n\n<pre class=\"wp-block-code\"><code>En Olmos de Atapuerca, el pueblo pueblo m\u00e1s cercano a Burgos (15km). En plena Sierra de Atapuerca a 2km del Centro de Visitantes de los Yacimientos. <\/code><\/pre>\n\n\n\n<figure class=\"wp-block-gallery columns-3 is-cropped wp-block-gallery-3 is-layout-flex\" id=\"visita-atapuerca\"><ul class=\"blocks-gallery-grid\"><li class=\"blocks-gallery-item\"><figure><img decoding=\"async\" loading=\"lazy\" width=\"644\" height=\"430\" src=\"http:\/\/www.lacasitadeolmos.net\/wp-content\/uploads\/2021\/01\/guia-ivan-1.jpg\" alt=\"\" data-id=\"142\" data-full-url=\"http:\/\/www.lacasitadeolmos.net\/wp-content\/uploads\/2021\/01\/guia-ivan-1.jpg\" data-link=\"http:\/\/www.lacasitadeolmos.net\/?attachment_id=142\" class=\"wp-image-142\" srcset=\"https:\/\/www.lacasitadeolmos.net\/wp-content\/uploads\/2021\/01\/guia-ivan-1.jpg 644w, https:\/\/www.lacasitadeolmos.net\/wp-content\/uploads\/2021\/01\/guia-ivan-1-300x200.jpg 300w, https:\/\/www.lacasitadeolmos.net\/wp-content\/uploads\/2021\/01\/guia-ivan-1-90x60.jpg 90w, https:\/\/www.lacasitadeolmos.net\/wp-content\/uploads\/2021\/01\/guia-ivan-1-420x280.jpg 420w\" sizes=\"(max-width: 644px) 100vw, 644px\" \/><figcaption class=\"blocks-gallery-item__caption\"><a href=\"http:\/\/www.lacasitadeolmos.net\/?page_id=130\">visita Atapuerca<\/a><\/figcaption><\/figure><\/li><li class=\"blocks-gallery-item\"><figure><img decoding=\"async\" loading=\"lazy\" width=\"750\" height=\"500\" src=\"http:\/\/www.lacasitadeolmos.net\/wp-content\/uploads\/2021\/01\/pal-vivo-jeep-1.jpg\" alt=\"\" data-id=\"106\" data-full-url=\"http:\/\/www.lacasitadeolmos.net\/wp-content\/uploads\/2021\/01\/pal-vivo-jeep-1.jpg\" data-link=\"http:\/\/www.lacasitadeolmos.net\/?attachment_id=106\" class=\"wp-image-106\" srcset=\"https:\/\/www.lacasitadeolmos.net\/wp-content\/uploads\/2021\/01\/pal-vivo-jeep-1.jpg 750w, https:\/\/www.lacasitadeolmos.net\/wp-content\/uploads\/2021\/01\/pal-vivo-jeep-1-300x200.jpg 300w\" sizes=\"(max-width: 750px) 100vw, 750px\" \/><figcaption class=\"blocks-gallery-item__caption\"><a href=\"http:\/\/www.lacasitadeolmos.net\/?page_id=166\">entorno<\/a><\/figcaption><\/figure><\/li><li class=\"blocks-gallery-item\"><figure><img decoding=\"async\" loading=\"lazy\" width=\"1024\" height=\"768\" src=\"http:\/\/www.lacasitadeolmos.net\/wp-content\/uploads\/2021\/04\/habitacion-doble-6-1024x768.jpg\" alt=\"\" data-id=\"660\" data-full-url=\"http:\/\/www.lacasitadeolmos.net\/wp-content\/uploads\/2021\/04\/habitacion-doble-6-scaled.jpg\" data-link=\"http:\/\/www.lacasitadeolmos.net\/?attachment_id=660\" class=\"wp-image-660\" srcset=\"https:\/\/www.lacasitadeolmos.net\/wp-content\/uploads\/2021\/04\/habitacion-doble-6-1024x768.jpg 1024w, https:\/\/www.lacasitadeolmos.net\/wp-content\/uploads\/2021\/04\/habitacion-doble-6-300x225.jpg 300w, https:\/\/www.lacasitadeolmos.net\/wp-content\/uploads\/2021\/04\/habitacion-doble-6-768x576.jpg 768w, https:\/\/www.lacasitadeolmos.net\/wp-content\/uploads\/2021\/04\/habitacion-doble-6-1536x1152.jpg 1536w, https:\/\/www.lacasitadeolmos.net\/wp-content\/uploads\/2021\/04\/habitacion-doble-6-2048x1536.jpg 2048w, https:\/\/www.lacasitadeolmos.net\/wp-content\/uploads\/2021\/04\/habitacion-doble-6-80x60.jpg 80w\" sizes=\"(max-width: 1024px) 100vw, 1024px\" \/><figcaption class=\"blocks-gallery-item__caption\"><a href=\"http:\/\/www.lacasitadeolmos.net\/?page_id=640\">la casa<\/a><\/figcaption><\/figure><\/li><\/ul><\/figure>\n","protected":false},"excerpt":{"rendered":"","protected":false},"author":2,"featured_media":0,"parent":0,"menu_order":0,"comment_status":"closed","ping_status":"closed","template":"","meta":[],"_links":{"self":[{"href":"https:\/\/www.lacasitadeolmos.net\/index.php?rest_route=\/wp\/v2\/pages\/24"}],"collection":[{"href":"https:\/\/www.lacasitadeolmos.net\/index.php?rest_route=\/wp\/v2\/pages"}],"about":[{"href":"https:\/\/www.lacasitadeolmos.net\/index.php?rest_route=\/wp\/v2\/types\/page"}],"author":[{"embeddable":true,"href":"https:\/\/www.lacasitadeolmos.net\/index.php?rest_route=\/wp\/v2\/users\/2"}],"replies":[{"embeddable":true,"href":"https:\/\/www.lacasitadeolmos.net\/index.php?rest_route=%2Fwp%2Fv2%2Fcomments&post=24"}],"version-history":[{"count":42,"href":"https:\/\/www.lacasitadeolmos.net\/index.php?rest_route=\/wp\/v2\/pages\/24\/revisions"}],"predecessor-version":[{"id":1056,"href":"https:\/\/www.lacasitadeolmos.net\/index.php?rest_route=\/wp\/v2\/pages\/24\/revisions\/1056"}],"wp:attachment":[{"href":"https:\/\/www.lacasitadeolmos.net\/index.php?rest_route=%2Fwp%2Fv2%2Fmedia&parent=24"}],"curies":[{"name":"wp","href":"https:\/\/api.w.org\/{rel}","templated":true}]}}