{"id":642,"date":"2021-04-15T09:09:28","date_gmt":"2021-04-15T09:09:28","guid":{"rendered":"http:\/\/www.lacasitadeolmos.net\/?page_id=642"},"modified":"2021-04-15T09:09:31","modified_gmt":"2021-04-15T09:09:31","slug":"reservas","status":"publish","type":"page","link":"https:\/\/www.lacasitadeolmos.net\/?page_id=642","title":{"rendered":"reservas"},"content":{"rendered":"\n<figure class=\"wp-block-gallery columns-3 is-cropped wp-block-gallery-1 is-layout-flex\"><ul class=\"blocks-gallery-grid\"><li class=\"blocks-gallery-item\"><figure><img decoding=\"async\" loading=\"lazy\" width=\"1024\" height=\"768\" src=\"http:\/\/www.lacasitadeolmos.net\/wp-content\/uploads\/2021\/04\/cartel-1-1024x768.jpg\" alt=\"\" data-id=\"644\" data-full-url=\"http:\/\/www.lacasitadeolmos.net\/wp-content\/uploads\/2021\/04\/cartel-1-scaled.jpg\" data-link=\"http:\/\/www.lacasitadeolmos.net\/?attachment_id=644\" class=\"wp-image-644\" srcset=\"https:\/\/www.lacasitadeolmos.net\/wp-content\/uploads\/2021\/04\/cartel-1-1024x768.jpg 1024w, https:\/\/www.lacasitadeolmos.net\/wp-content\/uploads\/2021\/04\/cartel-1-300x225.jpg 300w, https:\/\/www.lacasitadeolmos.net\/wp-content\/uploads\/2021\/04\/cartel-1-768x576.jpg 768w, https:\/\/www.lacasitadeolmos.net\/wp-content\/uploads\/2021\/04\/cartel-1-1536x1152.jpg 1536w, https:\/\/www.lacasitadeolmos.net\/wp-content\/uploads\/2021\/04\/cartel-1-2048x1536.jpg 2048w, https:\/\/www.lacasitadeolmos.net\/wp-content\/uploads\/2021\/04\/cartel-1-80x60.jpg 80w\" sizes=\"(max-width: 1024px) 100vw, 1024px\" \/><\/figure><\/li><li class=\"blocks-gallery-item\"><figure><img decoding=\"async\" loading=\"lazy\" width=\"1024\" height=\"768\" src=\"http:\/\/www.lacasitadeolmos.net\/wp-content\/uploads\/2021\/04\/casa-rural-atapuerca-4-1-1024x768.jpg\" alt=\"\" data-id=\"646\" data-full-url=\"http:\/\/www.lacasitadeolmos.net\/wp-content\/uploads\/2021\/04\/casa-rural-atapuerca-4-1-scaled.jpg\" data-link=\"http:\/\/www.lacasitadeolmos.net\/?attachment_id=646\" class=\"wp-image-646\" srcset=\"https:\/\/www.lacasitadeolmos.net\/wp-content\/uploads\/2021\/04\/casa-rural-atapuerca-4-1-1024x768.jpg 1024w, https:\/\/www.lacasitadeolmos.net\/wp-content\/uploads\/2021\/04\/casa-rural-atapuerca-4-1-300x225.jpg 300w, https:\/\/www.lacasitadeolmos.net\/wp-content\/uploads\/2021\/04\/casa-rural-atapuerca-4-1-768x576.jpg 768w, https:\/\/www.lacasitadeolmos.net\/wp-content\/uploads\/2021\/04\/casa-rural-atapuerca-4-1-1536x1152.jpg 1536w, https:\/\/www.lacasitadeolmos.net\/wp-content\/uploads\/2021\/04\/casa-rural-atapuerca-4-1-2048x1536.jpg 2048w, https:\/\/www.lacasitadeolmos.net\/wp-content\/uploads\/2021\/04\/casa-rural-atapuerca-4-1-80x60.jpg 80w\" sizes=\"(max-width: 1024px) 100vw, 1024px\" \/><\/figure><\/li><li class=\"blocks-gallery-item\"><figure><img decoding=\"async\" loading=\"lazy\" width=\"1024\" height=\"768\" src=\"http:\/\/www.lacasitadeolmos.net\/wp-content\/uploads\/2021\/04\/casa-rural-atapuerca-5-2-1024x768.jpg\" alt=\"\" data-id=\"648\" data-full-url=\"http:\/\/www.lacasitadeolmos.net\/wp-content\/uploads\/2021\/04\/casa-rural-atapuerca-5-2-scaled.jpg\" data-link=\"http:\/\/www.lacasitadeolmos.net\/?attachment_id=648\" class=\"wp-image-648\" srcset=\"https:\/\/www.lacasitadeolmos.net\/wp-content\/uploads\/2021\/04\/casa-rural-atapuerca-5-2-1024x768.jpg 1024w, https:\/\/www.lacasitadeolmos.net\/wp-content\/uploads\/2021\/04\/casa-rural-atapuerca-5-2-300x225.jpg 300w, https:\/\/www.lacasitadeolmos.net\/wp-content\/uploads\/2021\/04\/casa-rural-atapuerca-5-2-768x576.jpg 768w, https:\/\/www.lacasitadeolmos.net\/wp-content\/uploads\/2021\/04\/casa-rural-atapuerca-5-2-1536x1152.jpg 1536w, https:\/\/www.lacasitadeolmos.net\/wp-content\/uploads\/2021\/04\/casa-rural-atapuerca-5-2-2048x1536.jpg 2048w, https:\/\/www.lacasitadeolmos.net\/wp-content\/uploads\/2021\/04\/casa-rural-atapuerca-5-2-80x60.jpg 80w\" sizes=\"(max-width: 1024px) 100vw, 1024px\" \/><\/figure><\/li><\/ul><\/figure>\n\n\n\n<pre class=\"wp-block-code\"><code>En la Casita tenemos un pecio \u00fanico: 90\u20ac\/noche<\/code><\/pre>\n\n\n\n<pre class=\"wp-block-code\"><code>\u00bfC\u00f3mo reservar?\nLas reservas pueden realizarse por tel\u00e9fono 675161846\no por correo electr\u00f3nico lacasitadeolmos@gmail.com<\/code><\/pre>\n\n\n\n<pre class=\"wp-block-code\"><code>Condiciones de reserva: \n\r\n\u2022 Tarifa establecida por el alquiler completo de la casa. \r\n\u2022 Confirmaci\u00f3n de la reserva mediante dep\u00f3sito del 50% de la primera noche por transferencia bancaria. Resto del pago en efectivo a la recepci\u00f3n.\r\n\u2022 La cancelaci\u00f3n total o parcial debe realizarse por escrito v\u00eda e-mail. \r\n\u2022 Si el hu\u00e9sped cancela con menos de 15 d\u00edas de antelaci\u00f3n, el 100% del importe abonado quedar\u00e1 retenido para concretar una nueva fecha de alojamiento.\r\n\u2022 Para obtener el 100% del importe abonado en dep\u00f3sito, la cancelaci\u00f3n debe hacerse al menos con 15 d\u00edas de antelaci\u00f3n sobre la fecha de llegada.\r\n\u2022 Se reembolsa el 100% del dep\u00f3sito si ha de producirse una cancelaci\u00f3n por causas de fuerza mayor que imposibiliten la estancia o por motivos relacionados con la COVID-19 que tambi\u00e9n por seguridad imposibiliten la estancia.\r\n\u2022 \u201cLa Casita de Olmos\u201d se reserva el derecho de cargos adicionales por deterioros o hurtos en la casa previa comunicaci\u00f3n con los afectados.\r\n<\/code><\/pre>\n","protected":false},"excerpt":{"rendered":"","protected":false},"author":2,"featured_media":0,"parent":0,"menu_order":0,"comment_status":"closed","ping_status":"closed","template":"","meta":[],"_links":{"self":[{"href":"https:\/\/www.lacasitadeolmos.net\/index.php?rest_route=\/wp\/v2\/pages\/642"}],"collection":[{"href":"https:\/\/www.lacasitadeolmos.net\/index.php?rest_route=\/wp\/v2\/pages"}],"about":[{"href":"https:\/\/www.lacasitadeolmos.net\/index.php?rest_route=\/wp\/v2\/types\/page"}],"author":[{"embeddable":true,"href":"https:\/\/www.lacasitadeolmos.net\/index.php?rest_route=\/wp\/v2\/users\/2"}],"replies":[{"embeddable":true,"href":"https:\/\/www.lacasitadeolmos.net\/index.php?rest_route=%2Fwp%2Fv2%2Fcomments&post=642"}],"version-history":[{"count":1,"href":"https:\/\/www.lacasitadeolmos.net\/index.php?rest_route=\/wp\/v2\/pages\/642\/revisions"}],"predecessor-version":[{"id":650,"href":"https:\/\/www.lacasitadeolmos.net\/index.php?rest_route=\/wp\/v2\/pages\/642\/revisions\/650"}],"wp:attachment":[{"href":"https:\/\/www.lacasitadeolmos.net\/index.php?rest_route=%2Fwp%2Fv2%2Fmedia&parent=642"}],"curies":[{"name":"wp","href":"https:\/\/api.w.org\/{rel}","templated":true}]}}